{"id":361,"date":"2014-02-04T17:54:29","date_gmt":"2014-02-04T16:54:29","guid":{"rendered":"http:\/\/krupunder-see.de\/?page_id=361"},"modified":"2015-05-05T16:15:37","modified_gmt":"2015-05-05T15:15:37","slug":"fledermaus","status":"publish","type":"page","link":"http:\/\/krupunder-see.de\/?page_id=361","title":{"rendered":"Fledermaus"},"content":{"rendered":"<p><a href=\"http:\/\/krupunder-see.de\/wp-content\/uploads\/2014\/02\/2015.02.24_17.17_01_fledermaus.mp3\">2015.02.24_17.17_01_fledermaus<\/a><a href=\"http:\/\/krupunder-see.de\/wp-content\/uploads\/2014\/01\/Fledermaus2.jpg\"><img loading=\"lazy\" decoding=\"async\" class=\"alignleft\" src=\"http:\/\/krupunder-see.de\/wp-content\/uploads\/2014\/01\/Fledermaus2-300x235.jpg\" alt=\"Fledermaus2\" width=\"300\" height=\"235\" \/><\/a><\/p>\n<p>Auch wenn Flederm\u00e4use fliegen k\u00f6nnen, haben sie mit dem Menschen mehr gemeinsam als mit den V\u00f6geln: Sie sind S\u00e4ugetiere wie wir! Sie bringen lebende Junge zur Welt, die M\u00fctter s\u00e4ugen ihre Jungen, der K\u00f6rper der Flederm\u00e4use ist dicht behaart und auch sonst haben sie alles, was ein \u201eechtes S\u00e4ugetier\u201c ausmacht.<\/p>\n<p>Flederm\u00e4use sind die einzigen S\u00e4ugetiere, die aktiv<b> <\/b>fliegen (also selbst, mit ihrer eigenen Muskelkraft) k\u00f6nnen. Dagegen gleiten (wie ihre Name schon sagt) die Gleith\u00f6rnchen nur durch die Luft wie ein Drachenflieger.<\/p>\n","protected":false},"excerpt":{"rendered":"<p>2015.02.24_17.17_01_fledermaus Auch wenn Flederm\u00e4use fliegen k\u00f6nnen, haben sie mit dem Menschen mehr gemeinsam als mit den V\u00f6geln: Sie sind S\u00e4ugetiere wie wir! Sie bringen lebende Junge zur Welt, die M\u00fctter s\u00e4ugen ihre Jungen, der K\u00f6rper der Flederm\u00e4use ist dicht behaart &hellip; <a href=\"http:\/\/krupunder-see.de\/?page_id=361\">Weiterlesen <span class=\"meta-nav\">&rarr;<\/span><\/a><\/p>\n","protected":false},"author":1,"featured_media":0,"parent":318,"menu_order":0,"comment_status":"closed","ping_status":"closed","template":"","meta":{"footnotes":""},"class_list":["post-361","page","type-page","status-publish","hentry"],"_links":{"self":[{"href":"http:\/\/krupunder-see.de\/index.php?rest_route=\/wp\/v2\/pages\/361","targetHints":{"allow":["GET"]}}],"collection":[{"href":"http:\/\/krupunder-see.de\/index.php?rest_route=\/wp\/v2\/pages"}],"about":[{"href":"http:\/\/krupunder-see.de\/index.php?rest_route=\/wp\/v2\/types\/page"}],"author":[{"embeddable":true,"href":"http:\/\/krupunder-see.de\/index.php?rest_route=\/wp\/v2\/users\/1"}],"replies":[{"embeddable":true,"href":"http:\/\/krupunder-see.de\/index.php?rest_route=%2Fwp%2Fv2%2Fcomments&post=361"}],"version-history":[{"count":5,"href":"http:\/\/krupunder-see.de\/index.php?rest_route=\/wp\/v2\/pages\/361\/revisions"}],"predecessor-version":[{"id":1420,"href":"http:\/\/krupunder-see.de\/index.php?rest_route=\/wp\/v2\/pages\/361\/revisions\/1420"}],"up":[{"embeddable":true,"href":"http:\/\/krupunder-see.de\/index.php?rest_route=\/wp\/v2\/pages\/318"}],"wp:attachment":[{"href":"http:\/\/krupunder-see.de\/index.php?rest_route=%2Fwp%2Fv2%2Fmedia&parent=361"}],"curies":[{"name":"wp","href":"https:\/\/api.w.org\/{rel}","templated":true}]}}