{"id":318,"date":"2014-02-04T17:01:15","date_gmt":"2014-02-04T16:01:15","guid":{"rendered":"http:\/\/krupunder-see.de\/?page_id=318"},"modified":"2016-02-09T17:57:43","modified_gmt":"2016-02-09T16:57:43","slug":"voegel","status":"publish","type":"page","link":"http:\/\/krupunder-see.de\/?page_id=318","title":{"rendered":"V\u00f6gel"},"content":{"rendered":"<p>Am Krupunder See sind viele Vogelarten zuhause. Deshalb gibt es hier Infos \u00fcber die V\u00f6gel am See.<\/p>\n<p>&#8211; <a title=\"Wasserv\u00f6gel\" href=\"http:\/\/krupunder-see.de\/?page_id=706\">Wasserv\u00f6gel<\/a><\/p>\n<p><a title=\"Die Blaumeise\" href=\"http:\/\/krupunder-see.de\/?page_id=296\">&#8211; Blaumeise<\/a><\/p>\n<p><a title=\"Feldsperling\" href=\"http:\/\/krupunder-see.de\/?page_id=335\">&#8211; Feldsperling<\/a><\/p>\n<p><a title=\"Kleiber\" href=\"http:\/\/krupunder-see.de\/?page_id=358\">&#8211; Kleiber<\/a><\/p>\n<p><a title=\"Fledermaus\" href=\"http:\/\/krupunder-see.de\/?page_id=361\">&#8211; Fledermaus<\/a><\/p>\n<p><a title=\"Tannenmeise\" href=\"http:\/\/krupunder-see.de\/?page_id=315\">&#8211; Tannenmeise<\/a><\/p>\n<p><a title=\"Nistk\u00e4sten\" href=\"http:\/\/krupunder-see.de\/?page_id=538\">&#8211; Nistk\u00e4sten<\/a><\/p>\n","protected":false},"excerpt":{"rendered":"<p>Am Krupunder See sind viele Vogelarten zuhause. Deshalb gibt es hier Infos \u00fcber die V\u00f6gel am See. &#8211; Wasserv\u00f6gel &#8211; Blaumeise &#8211; Feldsperling &#8211; Kleiber &#8211; Fledermaus &#8211; Tannenmeise &#8211; Nistk\u00e4sten<\/p>\n","protected":false},"author":1,"featured_media":723,"parent":316,"menu_order":0,"comment_status":"closed","ping_status":"closed","template":"","meta":{"footnotes":""},"class_list":["post-318","page","type-page","status-publish","has-post-thumbnail","hentry"],"_links":{"self":[{"href":"http:\/\/krupunder-see.de\/index.php?rest_route=\/wp\/v2\/pages\/318","targetHints":{"allow":["GET"]}}],"collection":[{"href":"http:\/\/krupunder-see.de\/index.php?rest_route=\/wp\/v2\/pages"}],"about":[{"href":"http:\/\/krupunder-see.de\/index.php?rest_route=\/wp\/v2\/types\/page"}],"author":[{"embeddable":true,"href":"http:\/\/krupunder-see.de\/index.php?rest_route=\/wp\/v2\/users\/1"}],"replies":[{"embeddable":true,"href":"http:\/\/krupunder-see.de\/index.php?rest_route=%2Fwp%2Fv2%2Fcomments&post=318"}],"version-history":[{"count":9,"href":"http:\/\/krupunder-see.de\/index.php?rest_route=\/wp\/v2\/pages\/318\/revisions"}],"predecessor-version":[{"id":1632,"href":"http:\/\/krupunder-see.de\/index.php?rest_route=\/wp\/v2\/pages\/318\/revisions\/1632"}],"up":[{"embeddable":true,"href":"http:\/\/krupunder-see.de\/index.php?rest_route=\/wp\/v2\/pages\/316"}],"wp:featuredmedia":[{"embeddable":true,"href":"http:\/\/krupunder-see.de\/index.php?rest_route=\/wp\/v2\/media\/723"}],"wp:attachment":[{"href":"http:\/\/krupunder-see.de\/index.php?rest_route=%2Fwp%2Fv2%2Fmedia&parent=318"}],"curies":[{"name":"wp","href":"https:\/\/api.w.org\/{rel}","templated":true}]}}