{"id":2052,"date":"2017-03-02T19:19:14","date_gmt":"2017-03-02T18:19:14","guid":{"rendered":"http:\/\/krupunder-see.de\/?page_id=2052"},"modified":"2021-11-16T22:53:17","modified_gmt":"2021-11-16T21:53:17","slug":"schmetterlinge","status":"publish","type":"page","link":"http:\/\/krupunder-see.de\/?page_id=2052","title":{"rendered":"Schmetterlinge"},"content":{"rendered":"\n<p>Die Familie der Schmetterlinge ist riesengro\u00df: Bisher sind 170.000 Arten bekannt. Die kleinsten Schmetterlinge haben eine Fl\u00fcgelspannweite von 3 Milimetern &#8211; die gr\u00f6\u00dften Spannweiten liegen bei 32 Zentimetern.<\/p>\n\n\n\n<div class=\"wp-block-image\"><figure class=\"alignleft size-medium\"><a href=\"http:\/\/krupunder-see.de\/wp-content\/uploads\/2021\/11\/Schmetterlingsfluegel.jpg\"><img loading=\"lazy\" decoding=\"async\" width=\"300\" height=\"225\" src=\"http:\/\/krupunder-see.de\/wp-content\/uploads\/2021\/11\/Schmetterlingsfluegel-300x225.jpg\" alt=\"\" class=\"wp-image-2882\" srcset=\"http:\/\/krupunder-see.de\/wp-content\/uploads\/2021\/11\/Schmetterlingsfluegel-300x225.jpg 300w, http:\/\/krupunder-see.de\/wp-content\/uploads\/2021\/11\/Schmetterlingsfluegel-1024x768.jpg 1024w, http:\/\/krupunder-see.de\/wp-content\/uploads\/2021\/11\/Schmetterlingsfluegel-768x576.jpg 768w, http:\/\/krupunder-see.de\/wp-content\/uploads\/2021\/11\/Schmetterlingsfluegel-1536x1152.jpg 1536w, http:\/\/krupunder-see.de\/wp-content\/uploads\/2021\/11\/Schmetterlingsfluegel.jpg 1600w\" sizes=\"auto, (max-width: 300px) 100vw, 300px\" \/><\/a><\/figure><\/div>\n\n\n\n<p>Der lateinische Name ist &#8222;Lepidoptera&#8220;. &#8222;Lepis&#8220; bedeutet &#8222;Schuppe&#8220; und &#8222;pteron&#8220; bedeutet &#8222;Fl\u00fcgel. Somit bedeutet Lepidoptera &#8222;Schuppenfl\u00fcgler.<\/p>\n\n\n\n<p>Benny und Lars haben beim letzten Treffen einen Schmetterlingsfl\u00fcgel mit einer Handylupe fotografiert. Hier sieht man ganz deutlich die Schuppen<\/p>\n\n\n\n<p><\/p>\n\n\n\n<h2 class=\"wp-block-heading\">Schmetterling oder Falter?<\/h2>\n\n\n\n<p>Als Schmetterling bezeichnet man alle Stadien dieses Tieres, also die Raupe, die Puppe und den Falter. Das ist das Stadium des Schmetterlings, in dem er Fl\u00fcgel hat.<\/p>\n\n\n\n<h2 class=\"wp-block-heading\">Tagfalter oder Nachtfalter<\/h2>\n\n\n\n<p>Man unterteilt die Familie der Schmetterlinge in Tagfalter und Nachtfalter. Es gibt viel mehr Nachtfalter als Tagfalter (ca. 18.000 Arten). Aber wie unterscheidet man die Falter? Das ist eigentlich ganz einfach:<\/p>\n\n\n\n<p>Tagfalter stellen ihre Fl\u00fcgel senkrecht, wenn sie ruhig sitzen. Nachtfalter legen ihre Fl\u00fcgel flach \u00fcbereinander. Dabei werden die unteren Fl\u00fcgel h\u00e4ufig ganz von den oberen Fl\u00fcgeln verdeckt.  Au\u00dferdem haben Tagfalter glatte F\u00fchler mit einem Knubbel am oberen Ende. Nachtfalter haben h\u00e4ufig gefiederte F\u00fchler. Aber nicht alle Tagfalter flattern nur tags\u00fcber herum und manche Nachtfalter sind auch tags\u00fcber unterwegs.<\/p>\n\n\n\n<h2 class=\"wp-block-heading\">Und was ist dann eine Motte?<\/h2>\n\n\n\n<p>Motten geh\u00f6ren zu den Schmetterlingen und sind eine Familie der Nachtfalter. Sie sind eher klein und h\u00e4ufig Sch\u00e4dlinge. Die Raupen der Motten sind \u00dcberlebensk\u00fcnstler &#8211; sie brauchen fast kein Wasser. Au\u00dferdem sind sie alles andere als Vegetarier: Sie fressen Haare, Federn oder Schuppen von Tieren.<\/p>\n\n\n\n<p><a href=\"http:\/\/krupunder-see.de\/?page_id=2884\" data-type=\"page\" data-id=\"2884\">Orangegelber Breitfl\u00fcgelspanner<\/a><\/p>\n\n\n\n<p><a href=\"http:\/\/krupunder-see.de\/?page_id=2048\">C-Falter<\/a><\/p>\n","protected":false},"excerpt":{"rendered":"<p>Die Familie der Schmetterlinge ist riesengro\u00df: Bisher sind 170.000 Arten bekannt. Die kleinsten Schmetterlinge haben eine Fl\u00fcgelspannweite von 3 Milimetern &#8211; die gr\u00f6\u00dften Spannweiten liegen bei 32 Zentimetern. Der lateinische Name ist &#8222;Lepidoptera&#8220;. &#8222;Lepis&#8220; bedeutet &#8222;Schuppe&#8220; und &#8222;pteron&#8220; bedeutet &#8222;Fl\u00fcgel. &hellip; <a href=\"http:\/\/krupunder-see.de\/?page_id=2052\">Weiterlesen <span class=\"meta-nav\">&rarr;<\/span><\/a><\/p>\n","protected":false},"author":1,"featured_media":0,"parent":1792,"menu_order":0,"comment_status":"closed","ping_status":"closed","template":"","meta":{"footnotes":""},"class_list":["post-2052","page","type-page","status-publish","hentry"],"_links":{"self":[{"href":"http:\/\/krupunder-see.de\/index.php?rest_route=\/wp\/v2\/pages\/2052","targetHints":{"allow":["GET"]}}],"collection":[{"href":"http:\/\/krupunder-see.de\/index.php?rest_route=\/wp\/v2\/pages"}],"about":[{"href":"http:\/\/krupunder-see.de\/index.php?rest_route=\/wp\/v2\/types\/page"}],"author":[{"embeddable":true,"href":"http:\/\/krupunder-see.de\/index.php?rest_route=\/wp\/v2\/users\/1"}],"replies":[{"embeddable":true,"href":"http:\/\/krupunder-see.de\/index.php?rest_route=%2Fwp%2Fv2%2Fcomments&post=2052"}],"version-history":[{"count":3,"href":"http:\/\/krupunder-see.de\/index.php?rest_route=\/wp\/v2\/pages\/2052\/revisions"}],"predecessor-version":[{"id":2889,"href":"http:\/\/krupunder-see.de\/index.php?rest_route=\/wp\/v2\/pages\/2052\/revisions\/2889"}],"up":[{"embeddable":true,"href":"http:\/\/krupunder-see.de\/index.php?rest_route=\/wp\/v2\/pages\/1792"}],"wp:attachment":[{"href":"http:\/\/krupunder-see.de\/index.php?rest_route=%2Fwp%2Fv2%2Fmedia&parent=2052"}],"curies":[{"name":"wp","href":"https:\/\/api.w.org\/{rel}","templated":true}]}}