{"id":2,"date":"2011-12-28T11:59:57","date_gmt":"2011-12-28T11:59:57","guid":{"rendered":"http:\/\/krupunder-see.de\/\/?page_id=2"},"modified":"2023-01-16T15:21:33","modified_gmt":"2023-01-16T14:21:33","slug":"beispiel-seite","status":"publish","type":"page","link":"http:\/\/krupunder-see.de\/?page_id=2","title":{"rendered":"NAJU-Gruppe &#8222;Wildkatzen&#8220;"},"content":{"rendered":"<p>Die NAJU-Gruppe &#8222;Wildkatzen&#8220; wurde am 1. Januar 2018 gegr\u00fcndet. Sie bestand in gleicher Form schon seit 2014 als Jugendgruppe getragen vom Verein &#8222;Web am See e.V.&#8220;, welcher Ende 2017 aufgel\u00f6st wurde.<\/p>\n<p>Die Gruppe aus Kindern und Jugendlichen ab 10 Jahren trifft sich 14t\u00e4gig entweder ab 16:30 Uhr im Wolfgang-Borchert-Gymnasium oder direkt am Krupunder See. OGTS-Kinder k\u00f6nnen ggf. an der Grundschule Bickbargen oder am Wolfgang-Borchert-Gymnasium abgeholt werden.<\/p>\n<p>Was wir so machen:<\/p>\n<p>Bei schlechtem Wetter: Mikroskopieren, Vogelh\u00e4user bauen, Artikel f\u00fcr diese Webseite schreiben, interessante Leute mit Fragen l\u00f6chern, Schilder f\u00fcr den Krupunder See gestalten, Gelee kochen&#8230;<\/p>\n<p>Bei gutem Wetter: Die Wiese m\u00e4hen, f\u00fcr die wir eine Patenschaft \u00fcbernommen haben, dort pflanzen und s\u00e4en, Asthaufen bauen, B\u00e4ume zerlegen, einen Geh\u00f6lzrand um die Wiese bauen, Insekten suchen, Vogelk\u00e4sten reinigen, Kr\u00e4uter suchen, Klettern, Holunderbl\u00fcten sammeln&#8230;<\/p>\n<p>Wenn du Lust hast, bei uns mitzumachen, kannst du gerne mal &#8211; in Begleitung eines Erwachsenen &#8211; bei uns reinschnuppern. Vorher aber bitte unbedingt den Besuch anmelden, da wir uns auch gelegentlich direkt am See treffen.<br \/>\nDu erreichst unsere Gruppenleiterin Janina per Mail an info(bei)krupunder-see.de. Das (bei) musst du durch das @-Zeichen ersetzen.<\/p>\n<p>F\u00fcr eine regelm\u00e4\u00dfige Teilnahme musst du Mitglied bei der NAJU werden, damit du w\u00e4hrend der Treffen versichert bist. N\u00e4heres zu den Konditionen erfahren deine Eltern auf der <a href=\"https:\/\/www.naju-hamburg.de\/die-naju-hamburg\/mitglied-werden\/\">Seite der NAJU-Hamburg<\/a>. Dort k\u00f6nnt ihr auch die Anmeldeformulare herunterladen.<\/p>\n","protected":false},"excerpt":{"rendered":"<p>Die NAJU-Gruppe &#8222;Wildkatzen&#8220; wurde am 1. Januar 2018 gegr\u00fcndet. Sie bestand in gleicher Form schon seit 2014 als Jugendgruppe getragen vom Verein &#8222;Web am See e.V.&#8220;, welcher Ende 2017 aufgel\u00f6st wurde. Die Gruppe aus Kindern und Jugendlichen ab 10 Jahren &hellip; <a href=\"http:\/\/krupunder-see.de\/?page_id=2\">Weiterlesen <span class=\"meta-nav\">&rarr;<\/span><\/a><\/p>\n","protected":false},"author":1,"featured_media":0,"parent":0,"menu_order":0,"comment_status":"open","ping_status":"open","template":"","meta":{"footnotes":""},"class_list":["post-2","page","type-page","status-publish","hentry"],"_links":{"self":[{"href":"http:\/\/krupunder-see.de\/index.php?rest_route=\/wp\/v2\/pages\/2","targetHints":{"allow":["GET"]}}],"collection":[{"href":"http:\/\/krupunder-see.de\/index.php?rest_route=\/wp\/v2\/pages"}],"about":[{"href":"http:\/\/krupunder-see.de\/index.php?rest_route=\/wp\/v2\/types\/page"}],"author":[{"embeddable":true,"href":"http:\/\/krupunder-see.de\/index.php?rest_route=\/wp\/v2\/users\/1"}],"replies":[{"embeddable":true,"href":"http:\/\/krupunder-see.de\/index.php?rest_route=%2Fwp%2Fv2%2Fcomments&post=2"}],"version-history":[{"count":23,"href":"http:\/\/krupunder-see.de\/index.php?rest_route=\/wp\/v2\/pages\/2\/revisions"}],"predecessor-version":[{"id":2921,"href":"http:\/\/krupunder-see.de\/index.php?rest_route=\/wp\/v2\/pages\/2\/revisions\/2921"}],"wp:attachment":[{"href":"http:\/\/krupunder-see.de\/index.php?rest_route=%2Fwp%2Fv2%2Fmedia&parent=2"}],"curies":[{"name":"wp","href":"https:\/\/api.w.org\/{rel}","templated":true}]}}