{"id":1967,"date":"2017-01-17T17:45:42","date_gmt":"2017-01-17T16:45:42","guid":{"rendered":"http:\/\/krupunder-see.de\/?page_id=1967"},"modified":"2017-01-17T18:04:40","modified_gmt":"2017-01-17T17:04:40","slug":"die-strauchschrecke","status":"publish","type":"page","link":"http:\/\/krupunder-see.de\/?page_id=1967","title":{"rendered":"Die Strauchschrecke"},"content":{"rendered":"<div id=\"attachment_1789\" style=\"width: 310px\" class=\"wp-caption alignnone\"><a href=\"http:\/\/krupunder-see.de\/wp-content\/uploads\/2016\/09\/Strauchschrecke3.jpg\" rel=\"attachment wp-att-1789\"><img loading=\"lazy\" decoding=\"async\" aria-describedby=\"caption-attachment-1789\" class=\"size-medium wp-image-1789\" src=\"http:\/\/krupunder-see.de\/wp-content\/uploads\/2016\/09\/Strauchschrecke3-300x289.jpg\" alt=\"Gew\u00f6hnliche Strauchschrecke m\u00e4nnlich\" width=\"300\" height=\"289\" srcset=\"http:\/\/krupunder-see.de\/wp-content\/uploads\/2016\/09\/Strauchschrecke3-300x289.jpg 300w, http:\/\/krupunder-see.de\/wp-content\/uploads\/2016\/09\/Strauchschrecke3-768x740.jpg 768w, http:\/\/krupunder-see.de\/wp-content\/uploads\/2016\/09\/Strauchschrecke3-1024x986.jpg 1024w, http:\/\/krupunder-see.de\/wp-content\/uploads\/2016\/09\/Strauchschrecke3.jpg 1295w\" sizes=\"auto, (max-width: 300px) 100vw, 300px\" \/><\/a><p id=\"caption-attachment-1789\" class=\"wp-caption-text\">Gew\u00f6hnliche Strauchschrecke m\u00e4nnlich<\/p><\/div>\n<p><strong>Aussehen:<\/strong><\/p>\n<p>Die Strauchschrecke ist meistens grau- dunkelbraun gef\u00e4rbt, manchmal auch gelbbraun. Die hellbraunen Fl\u00fcgel sind beim M\u00e4nnchen 5mm lang, beim Weibchen bis 1mm gro\u00df. Die M\u00e4nnchen k\u00f6nnen 13 bis 15mm gro\u00df werden, die Weibchen werden 15 bis 18mm gro\u00df.<\/p>\n<p><strong>Lebensraum\/Vorkommen:<\/strong><\/p>\n<p>Die Strauchschrecke kommt bei Lebensr\u00e4umen mit mittelhohem bis hohem Pflanzenbewuchs, in Hecken, h\u00e4ufig an Waldr\u00e4ndern, aber auch in G\u00e4rten und Parks vor. Sie sitzen h\u00e4ufig auf Bl\u00e4ttern oder im Gras.<\/p>\n<p>&nbsp;<\/p>\n<div id=\"attachment_1785\" style=\"width: 293px\" class=\"wp-caption alignnone\"><a href=\"http:\/\/krupunder-see.de\/wp-content\/uploads\/2016\/09\/Strauchschrecke-Kopf1.jpg\" rel=\"attachment wp-att-1785\"><img loading=\"lazy\" decoding=\"async\" aria-describedby=\"caption-attachment-1785\" class=\"size-medium wp-image-1785\" src=\"http:\/\/krupunder-see.de\/wp-content\/uploads\/2016\/09\/Strauchschrecke-Kopf1-283x300.jpg\" alt=\"Gew\u00f6hnliche Strauchschrecke\" width=\"283\" height=\"300\" srcset=\"http:\/\/krupunder-see.de\/wp-content\/uploads\/2016\/09\/Strauchschrecke-Kopf1-283x300.jpg 283w, http:\/\/krupunder-see.de\/wp-content\/uploads\/2016\/09\/Strauchschrecke-Kopf1.jpg 761w\" sizes=\"auto, (max-width: 283px) 100vw, 283px\" \/><\/a><p id=\"caption-attachment-1785\" class=\"wp-caption-text\">Gew\u00f6hnliche Strauchschrecke<\/p><\/div>\n<p><strong>Nahrung:<\/strong><\/p>\n<p>Sie ern\u00e4hren sich von kleinen Insekten z.B. Raupen, Fliegen, Blattl\u00e4usen u.s.w. Sie ern\u00e4hren sich aber auch von Planzen.<\/p>\n<div id=\"attachment_1786\" style=\"width: 284px\" class=\"wp-caption alignnone\"><a href=\"http:\/\/krupunder-see.de\/wp-content\/uploads\/2016\/09\/Strauchschrecke-Unterseite1.jpg\" rel=\"attachment wp-att-1786\"><img loading=\"lazy\" decoding=\"async\" aria-describedby=\"caption-attachment-1786\" class=\"size-medium wp-image-1786\" src=\"http:\/\/krupunder-see.de\/wp-content\/uploads\/2016\/09\/Strauchschrecke-Unterseite1-274x300.jpg\" alt=\"Gew\u00f6hnliche Strauchschrecke von unten\" width=\"274\" height=\"300\" srcset=\"http:\/\/krupunder-see.de\/wp-content\/uploads\/2016\/09\/Strauchschrecke-Unterseite1-274x300.jpg 274w, http:\/\/krupunder-see.de\/wp-content\/uploads\/2016\/09\/Strauchschrecke-Unterseite1-768x840.jpg 768w, http:\/\/krupunder-see.de\/wp-content\/uploads\/2016\/09\/Strauchschrecke-Unterseite1-936x1024.jpg 936w, http:\/\/krupunder-see.de\/wp-content\/uploads\/2016\/09\/Strauchschrecke-Unterseite1.jpg 1379w\" sizes=\"auto, (max-width: 274px) 100vw, 274px\" \/><\/a><p id=\"caption-attachment-1786\" class=\"wp-caption-text\">Gew\u00f6hnliche Strauchschrecke von unten<\/p><\/div>\n<p>von Joshi<\/p>\n","protected":false},"excerpt":{"rendered":"<p>Aussehen: Die Strauchschrecke ist meistens grau- dunkelbraun gef\u00e4rbt, manchmal auch gelbbraun. Die hellbraunen Fl\u00fcgel sind beim M\u00e4nnchen 5mm lang, beim Weibchen bis 1mm gro\u00df. Die M\u00e4nnchen k\u00f6nnen 13 bis 15mm gro\u00df werden, die Weibchen werden 15 bis 18mm gro\u00df. Lebensraum\/Vorkommen: &hellip; <a href=\"http:\/\/krupunder-see.de\/?page_id=1967\">Weiterlesen <span class=\"meta-nav\">&rarr;<\/span><\/a><\/p>\n","protected":false},"author":1,"featured_media":0,"parent":0,"menu_order":0,"comment_status":"closed","ping_status":"closed","template":"","meta":{"footnotes":""},"class_list":["post-1967","page","type-page","status-publish","hentry"],"_links":{"self":[{"href":"http:\/\/krupunder-see.de\/index.php?rest_route=\/wp\/v2\/pages\/1967","targetHints":{"allow":["GET"]}}],"collection":[{"href":"http:\/\/krupunder-see.de\/index.php?rest_route=\/wp\/v2\/pages"}],"about":[{"href":"http:\/\/krupunder-see.de\/index.php?rest_route=\/wp\/v2\/types\/page"}],"author":[{"embeddable":true,"href":"http:\/\/krupunder-see.de\/index.php?rest_route=\/wp\/v2\/users\/1"}],"replies":[{"embeddable":true,"href":"http:\/\/krupunder-see.de\/index.php?rest_route=%2Fwp%2Fv2%2Fcomments&post=1967"}],"version-history":[{"count":4,"href":"http:\/\/krupunder-see.de\/index.php?rest_route=\/wp\/v2\/pages\/1967\/revisions"}],"predecessor-version":[{"id":1976,"href":"http:\/\/krupunder-see.de\/index.php?rest_route=\/wp\/v2\/pages\/1967\/revisions\/1976"}],"wp:attachment":[{"href":"http:\/\/krupunder-see.de\/index.php?rest_route=%2Fwp%2Fv2%2Fmedia&parent=1967"}],"curies":[{"name":"wp","href":"https:\/\/api.w.org\/{rel}","templated":true}]}}