{"id":1663,"date":"2016-03-08T17:17:31","date_gmt":"2016-03-08T16:17:31","guid":{"rendered":"http:\/\/krupunder-see.de\/?page_id=1663"},"modified":"2018-05-21T09:54:55","modified_gmt":"2018-05-21T08:54:55","slug":"gruenpatenschaft","status":"publish","type":"page","link":"http:\/\/krupunder-see.de\/?page_id=1663","title":{"rendered":"Wiese am Krupunder See"},"content":{"rendered":"<div id=\"attachment_1696\" style=\"width: 231px\" class=\"wp-caption alignright\"><a href=\"http:\/\/krupunder-see.de\/wp-content\/uploads\/2016\/03\/Wiese-auf-der-Karte.jpg\" rel=\"attachment wp-att-1696\"><img loading=\"lazy\" decoding=\"async\" aria-describedby=\"caption-attachment-1696\" class=\"wp-image-1696\" src=\"http:\/\/krupunder-see.de\/wp-content\/uploads\/2016\/03\/Wiese-auf-der-Karte-300x278.jpg\" alt=\"Wiese auf der Karte\" width=\"221\" height=\"205\" srcset=\"http:\/\/krupunder-see.de\/wp-content\/uploads\/2016\/03\/Wiese-auf-der-Karte-300x278.jpg 300w, http:\/\/krupunder-see.de\/wp-content\/uploads\/2016\/03\/Wiese-auf-der-Karte.jpg 712w\" sizes=\"auto, (max-width: 221px) 100vw, 221px\" \/><\/a><p id=\"caption-attachment-1696\" class=\"wp-caption-text\">Zur Vergr\u00f6\u00dferung bitte anklicken. Der rot schraffierte Bereich ist die von uns betreute Wiese<\/p><\/div>\n<p>Unser Verein hat die Gr\u00fcnpatenschaft f\u00fcr eine Wiese am Krupunder See \u00fcbernommen. Wir werden diese Wiese \u00fcber l\u00e4ngere Zeit pflegen und wollen dort heimische Blumen ansiedeln. Zum Schutze der Pflanzen legen wir um die Wiese herum einen Geh\u00f6lzrand aus den \u00c4sten an.<\/p>\n<p>&nbsp;<\/p>\n<p><span style=\"color: #008000;\"><a style=\"color: #008000;\" href=\"http:\/\/krupunder-see.de\/?page_id=1671\">Hier finden Sie eine Liste der Blumen, die auf der Wiese bereits wachsen oder von uns angepflanzt werden.<\/a><\/span><\/p>\n<p><span style=\"color: #3366ff;\"><a style=\"color: #3366ff;\" href=\"http:\/\/krupunder-see.de\/?p=1636\">Weitere Infos zu unserer Arbeit auf der Wiese finden Sie hier.<\/a><\/span><\/p>\n<p><a href=\"http:\/\/krupunder-see.de\/?page_id=1761\">Erste Bestandsaufnahme der Insekten am See.<\/a><\/p>\n<p>Externe Links zum Thema &#8222;Wiese&#8220;<\/p>\n<p><a href=\"https:\/\/www.planet-wissen.de\/natur\/landschaften\/wiese\/index.html\">planet-wissen.de\/natur\/landschaften\/wiese\/index.html<\/a><\/p>\n","protected":false},"excerpt":{"rendered":"<p>Unser Verein hat die Gr\u00fcnpatenschaft f\u00fcr eine Wiese am Krupunder See \u00fcbernommen. Wir werden diese Wiese \u00fcber l\u00e4ngere Zeit pflegen und wollen dort heimische Blumen ansiedeln. Zum Schutze der Pflanzen legen wir um die Wiese herum einen Geh\u00f6lzrand aus den &hellip; <a href=\"http:\/\/krupunder-see.de\/?page_id=1663\">Weiterlesen <span class=\"meta-nav\">&rarr;<\/span><\/a><\/p>\n","protected":false},"author":1,"featured_media":0,"parent":768,"menu_order":0,"comment_status":"closed","ping_status":"closed","template":"","meta":{"footnotes":""},"class_list":["post-1663","page","type-page","status-publish","hentry"],"_links":{"self":[{"href":"http:\/\/krupunder-see.de\/index.php?rest_route=\/wp\/v2\/pages\/1663","targetHints":{"allow":["GET"]}}],"collection":[{"href":"http:\/\/krupunder-see.de\/index.php?rest_route=\/wp\/v2\/pages"}],"about":[{"href":"http:\/\/krupunder-see.de\/index.php?rest_route=\/wp\/v2\/types\/page"}],"author":[{"embeddable":true,"href":"http:\/\/krupunder-see.de\/index.php?rest_route=\/wp\/v2\/users\/1"}],"replies":[{"embeddable":true,"href":"http:\/\/krupunder-see.de\/index.php?rest_route=%2Fwp%2Fv2%2Fcomments&post=1663"}],"version-history":[{"count":11,"href":"http:\/\/krupunder-see.de\/index.php?rest_route=\/wp\/v2\/pages\/1663\/revisions"}],"predecessor-version":[{"id":2540,"href":"http:\/\/krupunder-see.de\/index.php?rest_route=\/wp\/v2\/pages\/1663\/revisions\/2540"}],"up":[{"embeddable":true,"href":"http:\/\/krupunder-see.de\/index.php?rest_route=\/wp\/v2\/pages\/768"}],"wp:attachment":[{"href":"http:\/\/krupunder-see.de\/index.php?rest_route=%2Fwp%2Fv2%2Fmedia&parent=1663"}],"curies":[{"name":"wp","href":"https:\/\/api.w.org\/{rel}","templated":true}]}}