{"id":1606,"date":"2016-02-09T16:30:32","date_gmt":"2016-02-09T15:30:32","guid":{"rendered":"http:\/\/krupunder-see.de\/?page_id=1606"},"modified":"2017-02-28T12:14:50","modified_gmt":"2017-02-28T11:14:50","slug":"geschichte","status":"publish","type":"page","link":"http:\/\/krupunder-see.de\/?page_id=1606","title":{"rendered":"Geschichte"},"content":{"rendered":"<p>Diese Rubrik werden wir im Winter 2016\/2017 f\u00fcllen und dabei die Ausstellung zum Tag des offenen Denkmals am 11. September 2016 am Krupunder See \u00fcbernehmen.<\/p>\n<p style=\"text-align: left;\">Neben der Darstellung der Geschichte des Sees mit Bildern und Fakten m\u00f6chten wir hier die vergangenen Ereignisse auch auf ganz besondere Art darstellen: <a href=\"http:\/\/krupunder-see.de\/?page_id=1818\">&#8222;Ein Baum erz\u00e4hlt&#8220;.<\/a><\/p>\n<p style=\"text-align: left;\">Um den See ranken sich viele Legenden und Sagen, die wir f\u00fcr dich zusammengestellt haben.<\/p>\n<p style=\"text-align: left;\">Au\u00dferdem gibt es einige <a href=\"http:\/\/krupunder-see.de\/?page_id=1537\">Publikationen<\/a> zum Krupunder See.<\/p>\n","protected":false},"excerpt":{"rendered":"<p>Diese Rubrik werden wir im Winter 2016\/2017 f\u00fcllen und dabei die Ausstellung zum Tag des offenen Denkmals am 11. September 2016 am Krupunder See \u00fcbernehmen. Neben der Darstellung der Geschichte des Sees mit Bildern und Fakten m\u00f6chten wir hier die &hellip; <a href=\"http:\/\/krupunder-see.de\/?page_id=1606\">Weiterlesen <span class=\"meta-nav\">&rarr;<\/span><\/a><\/p>\n","protected":false},"author":1,"featured_media":1826,"parent":0,"menu_order":0,"comment_status":"closed","ping_status":"closed","template":"","meta":{"footnotes":""},"class_list":["post-1606","page","type-page","status-publish","has-post-thumbnail","hentry"],"_links":{"self":[{"href":"http:\/\/krupunder-see.de\/index.php?rest_route=\/wp\/v2\/pages\/1606","targetHints":{"allow":["GET"]}}],"collection":[{"href":"http:\/\/krupunder-see.de\/index.php?rest_route=\/wp\/v2\/pages"}],"about":[{"href":"http:\/\/krupunder-see.de\/index.php?rest_route=\/wp\/v2\/types\/page"}],"author":[{"embeddable":true,"href":"http:\/\/krupunder-see.de\/index.php?rest_route=\/wp\/v2\/users\/1"}],"replies":[{"embeddable":true,"href":"http:\/\/krupunder-see.de\/index.php?rest_route=%2Fwp%2Fv2%2Fcomments&post=1606"}],"version-history":[{"count":12,"href":"http:\/\/krupunder-see.de\/index.php?rest_route=\/wp\/v2\/pages\/1606\/revisions"}],"predecessor-version":[{"id":2034,"href":"http:\/\/krupunder-see.de\/index.php?rest_route=\/wp\/v2\/pages\/1606\/revisions\/2034"}],"wp:featuredmedia":[{"embeddable":true,"href":"http:\/\/krupunder-see.de\/index.php?rest_route=\/wp\/v2\/media\/1826"}],"wp:attachment":[{"href":"http:\/\/krupunder-see.de\/index.php?rest_route=%2Fwp%2Fv2%2Fmedia&parent=1606"}],"curies":[{"name":"wp","href":"https:\/\/api.w.org\/{rel}","templated":true}]}}