{"id":1237,"date":"2015-01-13T17:48:13","date_gmt":"2015-01-13T16:48:13","guid":{"rendered":"http:\/\/krupunder-see.de\/?page_id=1237"},"modified":"2015-01-27T20:44:48","modified_gmt":"2015-01-27T19:44:48","slug":"karpfen","status":"publish","type":"page","link":"http:\/\/krupunder-see.de\/?page_id=1237","title":{"rendered":"Karpfen"},"content":{"rendered":"<p>Name (lat): Cyprinus carpio (Karpfen)<\/p>\n<p>Gewicht: bis zu 50kg\u00a0\u00a0\u00a0\u00a0\u00a0\u00a0\u00a0\u00a0\u00a0\u00a0 Gr\u00f6\u00dfe: bis zu 100cm<\/p>\n<p>Dieser Fisch kommt auf der ganzen Welt vor.\u00a0 Er legt pro kg seines K\u00f6rpergewichtes 100.000 Eier. Daraus \u00fcberleben aber nur bis zu 10-20 Larven.<\/p>\n<p>Der<b>\u00a0<\/b>Weihnachtskarpfen ist in Mittel- und Osteuropa eines der traditionellen Gerichte f\u00fcr den Heiligen Abend. Diese Tradition\u00a0 entstand, als man der christlichen Lehre entsprechend die Adventszeit als Fastenzeit beging. Der Heilige Abend als H\u00f6hepunkt des Advents und Vorabend des Weihnachtstages sollte besonders gefeiert werden, und ein spezielles Fastengericht sollte dem gerecht werden. (Quelle: http:\/\/de.wikipedia.org\/wiki\/Weihnachtskarpfen)<\/p>\n<p>Als Speisefisch: Nur zwischen 4 und 8 Pfund zu genie\u00dfen. Gr\u00f6\u00dfere Karpfen haben mehr Speck. Karpfen schmecken als Karpfen blau, gebraten im Ofen, gebacken oder ger\u00e4uchert.<\/p>\n<p><a href=\"http:\/\/krupunder-see.de\/wp-content\/uploads\/2014\/06\/3Karpfen-im-Netz.jpg\"><img loading=\"lazy\" decoding=\"async\" class=\"alignleft  wp-image-791\" src=\"http:\/\/krupunder-see.de\/wp-content\/uploads\/2014\/06\/3Karpfen-im-Netz-300x199.jpg\" alt=\"3Karpfen im Netz\" width=\"410\" height=\"272\" srcset=\"http:\/\/krupunder-see.de\/wp-content\/uploads\/2014\/06\/3Karpfen-im-Netz-300x199.jpg 300w, http:\/\/krupunder-see.de\/wp-content\/uploads\/2014\/06\/3Karpfen-im-Netz-1024x680.jpg 1024w, http:\/\/krupunder-see.de\/wp-content\/uploads\/2014\/06\/3Karpfen-im-Netz-451x300.jpg 451w, http:\/\/krupunder-see.de\/wp-content\/uploads\/2014\/06\/3Karpfen-im-Netz.jpg 1200w\" sizes=\"auto, (max-width: 410px) 100vw, 410px\" \/><\/a><\/p>\n<p>&nbsp;<\/p>\n<p>&nbsp;<\/p>\n<p>&nbsp;<\/p>\n<p>&nbsp;<\/p>\n<p>&nbsp;<\/p>\n<p><strong>Anglertipps<\/strong><\/p>\n<p>Karpfen solltest du mit Natur- oder Boiliek\u00f6der beangeln.<br \/>\nMit Blinker solltest du es nicht versuchen: Da ihn die Fische nicht kennen und er nicht n\u00e4t\u00fcrlich aussieht, verscheucht er ihn.<br \/>\nAngeln kannst du auf Grund, mit freier Schnur oder mit Pose.<\/p>\n","protected":false},"excerpt":{"rendered":"<p>Name (lat): Cyprinus carpio (Karpfen) Gewicht: bis zu 50kg\u00a0\u00a0\u00a0\u00a0\u00a0\u00a0\u00a0\u00a0\u00a0\u00a0 Gr\u00f6\u00dfe: bis zu 100cm Dieser Fisch kommt auf der ganzen Welt vor.\u00a0 Er legt pro kg seines K\u00f6rpergewichtes 100.000 Eier. Daraus \u00fcberleben aber nur bis zu 10-20 Larven. Der\u00a0Weihnachtskarpfen ist in &hellip; <a href=\"http:\/\/krupunder-see.de\/?page_id=1237\">Weiterlesen <span class=\"meta-nav\">&rarr;<\/span><\/a><\/p>\n","protected":false},"author":1,"featured_media":0,"parent":901,"menu_order":0,"comment_status":"closed","ping_status":"closed","template":"","meta":{"footnotes":""},"class_list":["post-1237","page","type-page","status-publish","hentry"],"_links":{"self":[{"href":"http:\/\/krupunder-see.de\/index.php?rest_route=\/wp\/v2\/pages\/1237","targetHints":{"allow":["GET"]}}],"collection":[{"href":"http:\/\/krupunder-see.de\/index.php?rest_route=\/wp\/v2\/pages"}],"about":[{"href":"http:\/\/krupunder-see.de\/index.php?rest_route=\/wp\/v2\/types\/page"}],"author":[{"embeddable":true,"href":"http:\/\/krupunder-see.de\/index.php?rest_route=\/wp\/v2\/users\/1"}],"replies":[{"embeddable":true,"href":"http:\/\/krupunder-see.de\/index.php?rest_route=%2Fwp%2Fv2%2Fcomments&post=1237"}],"version-history":[{"count":12,"href":"http:\/\/krupunder-see.de\/index.php?rest_route=\/wp\/v2\/pages\/1237\/revisions"}],"predecessor-version":[{"id":1290,"href":"http:\/\/krupunder-see.de\/index.php?rest_route=\/wp\/v2\/pages\/1237\/revisions\/1290"}],"up":[{"embeddable":true,"href":"http:\/\/krupunder-see.de\/index.php?rest_route=\/wp\/v2\/pages\/901"}],"wp:attachment":[{"href":"http:\/\/krupunder-see.de\/index.php?rest_route=%2Fwp%2Fv2%2Fmedia&parent=1237"}],"curies":[{"name":"wp","href":"https:\/\/api.w.org\/{rel}","templated":true}]}}